4.
2, 13, 23, 176063
What are the prime factors of 52404612?
2, 3, 13, 61, 5507
What are the prime factors of 368033473?
11351, 32423
What are the prime factors of 940654951?
940654951
What are the prime factors of 184551304?
2, 7, 3295559
List the prime factors of 21736833.
3, 181, 40031
List the prime factors of 245659864.
2, 41, 748963
List the prime factors of 182743410.
2, 3, 5, 6091447
What are the prime factors of 1357749137?
1357749137
List the prime factors of 2439645000.
2, 3, 5, 13, 12511
List the prime factors of 150723286.
2, 7, 431, 24979
What are the prime factors of 215868012?
2, 3, 1999, 8999
What are the prime factors of 49780436?
2, 12445109
List the prime factors of 2154040339.
11, 103, 1201, 1583
List the prime factors of 445110660.
2, 3, 5, 17, 48487
What are the prime factors of 1959046629?
3, 17, 97, 107, 3701
What are the prime factors of 458153485?
5, 17, 5390041
What are the prime factors of 582850440?
2, 3, 5, 17, 131, 727
List the prime factors of 583336035.
3, 5, 47, 83, 3323
What are the prime factors of 79590127?
79590127
List the prime factors of 137243962.
2, 499, 137519
What are the prime factors of 218399521?
233, 937337
List the prime factors of 520742045.
5, 17, 71, 86287
What are the prime factors of 3128081734?
2, 2333, 670399
What are the prime factors of 56054456?
2, 43, 47, 3467
What are the prime factors of 3061366952?
2, 7, 7331, 7457
List the prime factors of 563358583.
8761, 64303
List the prime factors of 17105244.
2, 3, 13, 19, 29, 199
List the prime factors of 2546875699.
113, 22538723
What are the prime factors of 248191919?
23, 67, 161059
List the prime factors of 883280528.
2, 13, 326657
List the prime factors of 21941863.
21941863
What are the prime factors of 51256148?
2, 19, 79, 8537
List the prime factors of 331325526.
2, 3, 7, 61, 79, 1637
What are the prime factors of 39365237?
5647, 6971
What are the prime factors of 340066763?
449, 757387
List the prime factors of 74397387.
3, 23, 139, 7757
List the prime factors of 536814411.
3, 7, 23, 607, 1831
What are the prime factors of 1052707281?
3, 233, 761, 1979
List the prime factors of 1620130866.
2, 3, 31, 43, 202567
What are the prime factors of 70934930?
2, 5, 11, 644863
List the prime factors of 167111493.
3, 71, 784561
List the prime factors of 2527431.
3, 842477
What are the prime factors of 107048036?
2, 97, 275897
What are the prime factors of 953619456?
2, 3, 310423
What are the prime factors of 296404247?
367, 743, 1087
List the prime factors of 379718986.
2, 189859493
What are the prime factors of 640400277?
3, 11, 3907, 4967
What are the prime factors of 742436393?
17, 47, 929207
What are the prime factors of 7530291223?
7, 13, 19, 139, 31333
What are the prime factors of 711939371?
11, 13, 59, 6491
List the prime factors of 54228768.
2, 3, 11, 89, 577
List the prime factors of 36700652.
2, 31, 295973
List the prime factors of 230580639.
3, 17, 307, 4909
What are the prime factors of 66032236?
2, 16508059
What are the prime factors of 1820698599?
3, 509, 1192337
What are the prime factors of 4294895866?
2, 2147447933
What are the prime factors of 58745148?
2, 3, 7, 11, 63577
What are the prime factors of 49290421?
49290421
List the prime factors of 1102544837.
1102544837
What are the prime factors of 4139679?
3, 79, 17467
List the prime factors of 6878078.
2, 37, 41, 2267
What are the prime factors of 5324302534?
2, 67, 127, 312863
What are the prime factors of 18203712?
2, 3, 94811
What are the prime factors of 6364940849?
227, 28039387
List the prime factors of 1727094230.
2, 5, 1117, 154619
List the prime factors of 83516147.
11, 13, 163, 3583
What are the prime factors of 473965861?
473965861
List the prime factors of 1127511951.
3, 227, 1655671
What are the prime factors of 369576760?
2, 5, 7, 1319917
List the prime factors of 2791176452.
2, 7841, 88993
What are the prime factors of 3002873075?
5, 120114923
What are the prime factors of 157324319?
131, 1200949
List the prime factors of 176587845.
3, 5, 7, 197, 8537
What are the prime factors of 3501038291?
281, 12459211
What are the prime factors of 123833640?
2, 3, 5, 7, 19, 7759
List the prime factors of 967170334.
2, 13, 37198859
What are the prime factors of 79013639?
239, 269, 1229
List the prime factors of 39117089.
11, 23, 154613
List the prime factors of 83678978.
2, 29, 37, 38993
What are the prime factors of 1841977286?
2, 59, 89, 175393
List the prime factors of 327903053.
2677, 122489
List the prime factors of 102671107.
7, 11, 29, 45979
What are the prime factors of 238480486?
2, 119240243
What are the prime factors of 1767903919?
37, 47, 1016621
What are the prime factors of 109398779?
7, 15628397
List the prime factors of 1038988097.
7, 53, 2800507
List the prime factors of 421877455.
5, 8191, 10301
List the prime factors of 1273113310.
2, 5, 7, 61, 298153
What are the prime factors of 61924978?
2, 587, 52747
List the prime factors of 30525023.
29, 73, 14419
List the prime factors of 36513681.
3, 12171227
What are the prime factors of 89051857?
3539, 25163
What are the prime factors of 1266551922?
2, 3, 6007, 35141
What are the prime factors of 1349688643?
2207, 611549
List the prime factors of 56387679.
3, 18795893
List the prime factors of 371283021.
3, 4583741
List the prime factors of 5313415251.
3, 139, 12742003
List the prime factors of 17131171.
47, 389, 937
What are the prime factors of 356458664?
2, 44557333
List the prime factors of 76872154.
2, 53, 725209
What are the prime factors of 1852539634?
2, 11, 19, 53, 83621
List the prime factors of 26933797.
11, 17, 144031
List the prime factors of 1959099424.
2, 19, 61, 101, 523
What are the prime factors of 280335913?
11, 13, 1960391
List the prime factors of 43080138.
2, 3, 29, 82529
List the prime factors of 6293010937.
691, 9107107
What are the prime factors of 2940205339?
29, 1231, 82361
What are the prime factors of 2004515424?
2, 3, 17, 45491
List the prime factors of 313177013.
97, 823, 3923
What are the prime factors of 1497702245?
5, 13, 29, 794537
What are the prime factors of 509178592?
2, 13, 1223987
List the prime factors of 78089559.
3, 97, 149, 1801
What are the prime factors of 24208832?
2, 293, 1291
List the prime factors of 333670186.
2, 17, 9813829
What are the prime factors of 173095728?
2, 3, 13, 71, 3907
What are the prime factors of 2964044947?
2964044947
List the prime factors of 4771929976.
2, 11, 41, 1322597
List the prime factors of 112535126.
2, 11, 5115233
List the prime factors of 9305782.
2, 19, 244889
List the prime factors of 372761038.
2, 13, 19, 754577
What are the prime factors of 357626399?
13, 17, 43, 37633
List the prime factors of 780141813.
3, 11, 2149151
What are the prime factors of 757414566?
2, 3, 17, 41, 73, 827
What are the prime factors of 13489121?
13489121
What are the prime factors of 2169767456?
2, 197, 344189
List the prime factors of 70778256.
2, 3, 941, 1567
List the prime factors of 257547908.
2, 7417, 8681
What are the prime factors of 4829179388?
2, 11, 311, 352907
What are the prime factors of 16595236?
2, 7, 23, 73, 353
What are the prime factors of 1328633358?
2, 3, 13, 457, 37273
What are the prime factors of 37868178?
2, 3, 19, 17483
List the prime factors of 21389741.
41, 401, 1301
List the prime factors of 1243176501.
3, 7, 109, 77587
What are the prime factors of 22313590?
2, 5, 13, 37, 4639
What are the prime factors of 900134459?
7, 41, 47, 9533
What are the prime factors of 74880490?
2, 5, 227, 32987
What are the prime factors of 696408119?
11, 1277, 4507
What are the prime factors of 5018075808?
2, 3, 617, 84719
What are the prime factors of 95319375?
3, 5, 29, 1753
List the prime factors of 53408695.
5, 907, 11777
What are the prime factors of 57600326?
2, 7, 23, 41, 4363
What are the prime factors of 2639149702?
2, 7, 3847157
List the prime factors of 91354956.
2, 3, 7, 11, 98869
What are the prime factors of 36845413?
11, 229, 14627
List the prime factors of 192880339.
47, 131, 31327
List the prime factors of 459589268.
2, 114897317
What are the prime factors of 49572027?
3, 67, 409
List the prime factors of 774744611.
113, 131, 199, 263
What are the prime factors of 3807903998?
2, 47, 5303, 7639
List the prime factors of 2